r of 636688?
True
Is 17 a factor of 224398?
False
Does 19 divide 197050?
False
Does 4 divide 9860?
True
Does 506 divide 8535994?
False
Does 41 divide 71955?
True
Is 44 a factor of 7660363?
False
Is 79929 a multiple of 249?
True
Is 12 a factor of 1022112?
True
Is 68899 a multiple of 66?
False
Does 6 divide 776994?
True
Is 29 a factor of 269410?
True
Is 735416 a multiple of 88?
True
Does 21 divide 1583715?
True
Does 93 divide 755962?
False
Is 11429366 a multiple of 47?
True
Is 1677114 a multiple of 133?
False
Is 31 a factor of 14005?
False
Is 1448868 a multiple of 22?
False
Does 44 divide 3649668?
True
Does 1116 divide 4499388?
False
Does 23 divide 351?
False
Does 573 divide 254961?
False
Is 189 a factor of 1594152?
False
Does 52 divide 1739766?
False
Is 1270061 a multiple of 494?
False
Is 3694303 a multiple of 2413?
True
Is 14 a factor of 85313?
False
Is 174556 a multiple of 9?
False
Does 9 divide 129631?
False
Is 49853 a multiple of 238?
False
Does 459 divide 325890?
True
Does 3 divide 499968?
True
Is 41 a factor of 699251?
False
Is 513 a factor of 5299?
False
Is 128100 a multiple of 140?
True
Is 226 a factor of 15158247?
False
Is 96 a factor of 20592?
False
Is 157 a factor of 917689?
False
Does 11 divide 16809925?
True
Is 79 a factor of 1809581?
False
Does 75 divide 736929?
False
Is 56698 a multiple of 70?
False
Is 14 a factor of 168649?
False
Is 29 a factor of 149959?
True
Does 48 divide 14088672?
True
Does 237 divide 29625?
True
Does 540 divide 3756780?
True
Does 88 divide 1912862?
False
Is 26 a factor of 273754?
True
Does 21 divide 70203?
True
Does 61 divide 333304?
True
Is 34779 a multiple of 10?
False
Does 12 divide 2535438?
False
Is 2412854 a multiple of 548?
False
Is 1765016 a multiple of 66?
False
Is 44422 a multiple of 14?
True
Is 87462 a multiple of 43?
True
Is 243836 a multiple of 188?
True
Does 626 divide 564026?
True
Does 534 divide 2167503?
False
Is 46 a factor of 2117174?
False
Does 85 divide 12647320?
True
Is 8 a factor of 386220?
False
Is 102366 a multiple of 94?
True
Is 27775 a multiple of 5?
True
Does 340 divide 991059?
False
Does 57 divide 1011055?
False
Is 1832886 a multiple of 199?
False
Is 15 a factor of 216761?
False
Is 298711 a multiple of 139?
True
Is 24 a factor of 202776?
True
Is 4 a factor of 1208?
True
Is 154247 a multiple of 10?
False
Does 163 divide 94748?
False
Is 5335 a multiple of 157?
False
Does 4 divide 71793?
False
Is 578 a factor of 242579?
False
Is 3090588 a multiple of 107?
True
Is 34 a factor of 5140772?
False
Does 140 divide 1252020?
True
Is 102 a factor of 2473908?
True
Is 29 a factor of 3335986?
True
Is 742 a factor of 1446550?
False
Is 65186 a multiple of 4?
False
Does 41 divide 608893?
False
Is 29 a factor of 8764?
False
Is 42 a factor of 30465?
False
Does 126 divide 222998?
False
Is 19555200 a multiple of 1200?
True
Is 131 a factor of 238447?
False
Does 122 divide 1216264?
False
Does 652 divide 562676?
True
Does 23 divide 120781?
False
Does 94 divide 104246?
True
Is 42 a factor of 2118412?
False
Is 91884 a multiple of 156?
True
Is 360 a factor of 15480?
True
Does 3 divide 406494?
True
Does 20 divide 22656009?
False
Is 22 a factor of 405680?
True
Is 467124 a multiple of 996?
True
Does 7 divide 49058?
False
Does 52 divide 1317716?
False
Is 7590564 a multiple of 274?
False
Does 161 divide 32073?
False
Is 26568 a multiple of 15?
False
Does 4 divide 382022?
False
Does 12 divide 3499919?
False
Is 30 a factor of 846150?
True
Does 105 divide 4084723?
False
Does 28 divide 179056?
False
Is 55 a factor of 1369445?
True
Does 142 divide 17437566?
False
Does 216 divide 3802699?
False
Does 2 divide 7435?
False
Is 509496 a multiple of 26?
True
Does 384 divide 8673792?
True
Is 282 a factor of 955134?
True
Is 11 a factor of 3280860?
True
Is 4454035 a multiple of 222?
False
Does 9 divide 1035873?
True
Does 18 divide 7089462?
True
Is 12032739 a multiple of 29?
False
Is 893062 a multiple of 239?
False
Is 202 a factor of 3383670?
False
Does 1923 divide 651897?
True
Does 14 divide 6291740?
True
Does 479 divide 7899668?
True
Is 18 a factor of 16901?
False
Is 61642 a multiple of 14?
True
Is 8 a factor of 57320?
True
Does 682 divide 1424553?
False
Is 1456951 a multiple of 277?
False
Is 119915 a multiple of 191?
False
Is 189312 a multiple of 68?
True
Does 48 divide 44448?
True
Is 179768 a multiple of 4?
True
Does 57 divide 975042?
True
Does 9 divide 15255?
True
Is 13414378 a multiple of 51?
False
Does 222 divide 1844598?
True
Is 180 a factor of 113217?
False
Is 69528 a multiple of 9?
False
Is 3 a factor of 65174?
False
Does 90 divide 56520?
True
Is 47 a factor of 383556?
False
Is 1492323 a multiple of 21?
True
Is 378 a factor of 4575690?
True
Does 551 divide 11205660?
False
Does 42 divide 954828?
True
Is 55891 a multiple of 11?
True
Is 31 a factor of 395095?
True
Is 3711624 a multiple of 210?
False
Does 15 divide 107336?
False
Is 6 a factor of 11047?
False
Is 312052 a multiple of 26?
True
Is 49040 a multiple of 5?
True
Is 23218 a multiple of 94?
True
Is 16 a factor of 5613797?
False
Is 17 a factor of 3097264?
True
Is 27 a factor of 23193?
True
Does 82 divide 6344059?
False
Does 66 divide 892203?
False
Does 18 divide 2974919?
False
Is 18 a factor of 82821?
False
Is 201900 a multiple of 15?
True
Does 5 divide 5689634?
False
Does 568 divide 769072?
True
Does 236 divide 82044?
False
Is 11 a factor of 11009933?
True
Does 4 divide 565359?
False
Does 8 divide 556184?
True
Does 16 divide 9836244?
False
Does 665 divide 367080?
True
Is 409 a factor of 993832?
False
Does 18 divide 6894?
True
Does 253 divide 147978?
False
Is 32956 a multiple of 44?
True
Is 1053 a factor of 2016944?
False
Does 14 divide 493290?
True
Is 12 a factor of 342167?
False
Does 145 divide 20513005?
True
Is 4064599 a multiple of 623?
False
Does 314 divide 2715786?
True
Does 455 divide 114636?
False
Is 90592 a multiple of 32?
True
Is 233 a factor of 4469560?
False
Does 2 divide 315286?
True
Is 24 a factor of 8738135?
False
Does 375 divide 1266000?
True
Is 441 a factor of 215358?
False
Is 2 a factor of 47016?
True
Does 478 divide 829808?
True
Is 5189097 a multiple of 270?
False
Does 619 divide 2259350?
True
Does 27 divide 80190?
True
Does 780 divide 14318460?
True
Does 224 divide 25760?
True
Is 1492182 a multiple of 18?
True
Does 39 divide 41574?
True
Does 18 divide 944462?
False
Is 288205 a multiple of 8?
False
Is 2363487 a multiple of 462?
False
Does 22 divide 2934800?
True
Is 123912 a multiple of 304?
False
Does 9 divide 376826?
False
Is 21354 a multiple of 2?
True
Is 392 a factor of 468249?
False
Is 8778940 a multiple of 19?
False
Is 22 a factor of 3085062?
False
Is 16 a factor of 94480?
True
Is 52 a factor of 8128?
False
Is 308 a factor of 263500?
False
Is 1338008 a multiple of 4?
True
Does 13 divide 207636?
True
Does 11 divide 110957?
True
Does 16 divide 2864?
True
Is 124 a factor of 489523?
False
Is 7 a factor of 1158976?
True
Is 716 a factor of 11674797?
False
Is 40 a factor of 140856?
False
Is 493845 a multiple of 9?
False
Is 269 a factor of 515796?
False
Is 23 a factor of 1659977?
False
Does 107 divide 2629041?
False
Does 14 divide 3510486?
True
Does 167 divide 31730?
True
Does 163 divide 103016?
True
Is 367 a factor of 1079714?
True
Is 5 a factor of 651395?
True
Is 595 a factor of 3471899?
False
Is 4 a factor of 168353?
False
Is 21239867 a multiple of 255?
False
Does 48 divide 2509344?
True
Does 23 divide 318650?
False
Is 423365 a multiple of 207?
False
Is 85225 a multiple of 66?
False
Is 4787392 a multiple of 304?
True
Is 32 a factor of 2531840?
True
Does 3 divide 83097?
True
Does 154 divide 5204584?
True
Is 77 a factor of 4556398?
True
Is 3 a factor of 131238?
True
Is 277 a factor of 671050?
False
Is 2328738 a multiple of 3?
True
Does 20 divide 4929078?
False
Does 120 divide 5936400?
True
Does 31 divide 33046?
True
Is 472230 a multiple of 159?
True
Does 109 divide 230966?
False
Is 7969239 a multiple of 1467?
False
Is 1767896 a multiple of 65?
False
Is 835092 a multiple of 18?
True
Is 14 a factor of 5085961?
False
Does 134 divide 402268?
True
Is 185 a factor of 436459?
False
Does 230 divide 9125020?
True
Is 7394057 a multiple of 12?
False
Is 53 a factor of 1220241?
False
Does 43 divide 4992854?
False
Does 45 divide 966645?
True
Is 814004 a multip